e?
False
Is 58711 prime?
True
Is 378583 a composite number?
False
Is 119549 prime?
True
Is 77137 prime?
True
Is 13173 prime?
False
Is 3943 composite?
False
Is 20249 composite?
False
Is 29615 composite?
True
Is 78941 composite?
False
Is 12601 a prime number?
True
Is 18697 a composite number?
True
Is 328753 prime?
True
Is 255097 composite?
False
Is 31469 prime?
True
Is 928559 prime?
True
Is 12197 a prime number?
True
Is 228841 prime?
True
Is 62743 a prime number?
True
Is 77173 a composite number?
True
Is 152249 composite?
False
Is 144679 a composite number?
True
Is 8663 composite?
False
Is 6767 prime?
False
Is 3125957 a prime number?
True
Is 685 composite?
True
Is 480901 prime?
False
Is 414487 a composite number?
False
Is 1931 prime?
True
Is 514 a composite number?
True
Is 18217 composite?
False
Is 37951 prime?
True
Is 257489 composite?
False
Is 176767 prime?
False
Is 1036391 a composite number?
False
Is 146477 prime?
True
Is 12437 composite?
False
Is 19999 a composite number?
True
Is 13649 composite?
False
Is 491818 a composite number?
True
Is 185653 prime?
False
Is 660007 composite?
True
Is 42839 a composite number?
False
Is 20611 a composite number?
False
Is 30449 prime?
True
Is 1436521 composite?
True
Is 17209 prime?
True
Is 8491 a composite number?
True
Is 5398 a composite number?
True
Is 5623 a prime number?
True
Is 107161 a composite number?
True
Is 7039 prime?
True
Is 5009 composite?
False
Is 5039 a composite number?
False
Is 29227 composite?
True
Is 39421 a prime number?
False
Is 2393 prime?
True
Is 15567 composite?
True
Is 56359 a prime number?
True
Is 1325629 composite?
True
Is 68047 a composite number?
True
Is 4357 composite?
False
Is 756011 a prime number?
True
Is 2781881 composite?
True
Is 62599 a composite number?
True
Is 12761 composite?
True
Is 11389 composite?
True
Is 14981 prime?
False
Is 10243 composite?
False
Is 678185 prime?
False
Is 35539 a prime number?
False
Is 95 composite?
True
Is 3133 a prime number?
False
Is 192689 a prime number?
False
Is 380983 a prime number?
True
Is 567527 prime?
True
Is 281189 a prime number?
True
Is 2503 composite?
False
Is 22915 prime?
False
Is 68633 composite?
False
Is 46861 a prime number?
True
Is 87991 prime?
True
Is 64577 composite?
False
Is 33433 prime?
False
Is 1193 composite?
False
Is 11819 composite?
True
Is 120829 a composite number?
False
Is 503563 a prime number?
True
Is 12527 composite?
False
Is 17663 composite?
True
Is 71161 composite?
False
Is 95137 a composite number?
True
Is 377963 a prime number?
True
Is 106531 composite?
False
Is 171919 composite?
True
Is 368053 prime?
False
Is 61351 prime?
False
Is 73417 composite?
False
Is 17481 a prime number?
False
Is 397273 a prime number?
False
Is 3793 composite?
False
Is 1422521 a composite number?
False
Is 26669 a prime number?
True
Is 552889 a prime number?
False
Is 245171 prime?
True
Is 559 a composite number?
True
Is 5515 composite?
True
Is 480397 prime?
False
Is 703037 a prime number?
False
Is 8134553 composite?
True
Is 4279 composite?
True
Is 3755909 a prime number?
True
Is 2503 a prime number?
True
Is 73351 a prime number?
True
Is 13421 composite?
False
Is 4216999 composite?
False
Is 515289 prime?
False
Is 78763 a composite number?
True
Is 2039 prime?
True
Is 73585 a composite number?
True
Is 68677 composite?
True
Is 180935 prime?
False
Is 344567 a prime number?
True
Is 146397 composite?
True
Is 9113 a composite number?
True
Is 138341 composite?
True
Is 87991 prime?
True
Is 21517 a composite number?
False
Is 12227 a prime number?
True
Is 170653 a prime number?
False
Is 9601 a prime number?
True
Is 1061807 a composite number?
False
Is 91367 prime?
True
Is 267301 prime?
True
Is 36629 prime?
True
Is 3353 a composite number?
True
Is 3739 prime?
True
Is 829151 composite?
False
Is 561299 a prime number?
False
Is 10015 composite?
True
Is 13043 composite?
False
Is 2037835 composite?
True
Is 232741 a prime number?
True
Is 31345 composite?
True
Is 1839 composite?
True
Is 70939 composite?
True
Is 11602 a composite number?
True
Is 53491 a composite number?
True
Is 6821 prime?
False
Is 55967 a composite number?
False
Is 307345 prime?
False
Is 20369 a prime number?
True
Is 359207 composite?
False
Is 6143 prime?
True
Is 13217 prime?
True
Is 5623 prime?
True
Is 968878 a composite number?
True
Is 67339 prime?
True
Is 2969195 a prime number?
False
Is 10427 prime?
True
Is 6353 a prime number?
True
Is 254 a composite number?
True
Is 87445 prime?
False
Is 364373 composite?
False
Is 14591 a composite number?
False
Is 36911 composite?
True
Is 79969 a prime number?
False
Is 22171 a prime number?
True
Is 43669 prime?
True
Is 113513 prime?
True
Is 21509 prime?
False
Is 53527 prime?
True
Is 3907 a prime number?
True
Is 100019 a composite number?
False
Is 16255 a composite number?
True
Is 439477 a composite number?
True
Is 671 composite?
True
Is 28901 a prime number?
True
Is 4253 a prime number?
True
Is 5851 a prime number?
True
Is 308489 prime?
True
Is 2785 a composite number?
True
Is 733658 composite?
True
Is 10358 composite?
True
Is 36599 prime?
True
Is 642049 a prime number?
True
Is 54493 a composite number?
False
Is 448802 a composite number?
True
Is 23813 prime?
True
Is 339413 a prime number?
True
Is 12809 prime?
True
Is 3247 prime?
False
Is 28761 prime?
False
Is 1529923 a composite number?
True
Is 194599 prime?
False
Is 8399 composite?
True
Is 1144873 prime?
False
Is 370919 composite?
False
Is 3631 prime?
True
Is 1543 prime?
True
Is 5129 a composite number?
True
Is 8633 composite?
True
Is 32089 prime?
True
Is 2510395 composite?
True
Is 57347 composite?
False
Is 54751 composite?
False
Is 384739 composite?
True
Is 124067 a composite number?
False
Is 3252293 a prime number?
False
Is 36191 composite?
False
Is 41315 prime?
False
Is 15969 a composite number?
True
Is 4499 a composite number?
True
Is 14207 a prime number?
True
Is 93083 prime?
True
Is 4846 prime?
False
Is 110707 prime?
False
Is 1015249 composite?
True
Is 77641 prime?
True
Is 1249727 a prime number?
True
Is 5581 a composite number?
False
Is 62597 a composite number?
False
Is 457481 a prime number?
False
Is 24051 composite?
True
Is 348883 prime?
True
Is 184661 composite?
True
Is 31534 a prime number?
False
Is 146669 a prime number?
True
Is 1757257 composite?
False
Is 1347467 a prime number?
False
Is 517939 composite?
True
Is 5485 a prime number?
False
Is 26513 a prime number?
True
Is 213119 composite?
False
Is 60487 prime?
False
Is 1340639 a prime number?
True
Is 43037 a prime number?
True
Is 34253 composite?
False
Is 116027 a composite number?
False
Is 5561 a prime number?
False
Is 268043 prime?
True
Is 95423 composite?
True
Is 113891 prime?
True
Is 2873621 a composite number?
False
Is 19631 prime?
False
Is 79519 a composite number?
True
Is 13019 composite?
True
Is 76865 a composite number?
True
Is 6349 composite?
True
Is 15905 a prime number?
False
Is 3109 a composite number?
False
Is 492551 a composite number?
False
Is 157969 a composite number?
True
Is 11671 a prime number?
False
Is 22769 a prime number?
True
Is 815729 composite?
False
Is 4673 prime?
True
Is 118661 a prime number?
True
Is 27179 a prime number?
True
Is 126059 composite?
True
Is 208409 a prime number?
True
Is 8691 composite?
True
Is 197755 a composite number?
True
Is 219983 a prime number?
True
Is 299653 composite?
False
Is 3020699 composite?
True
Is 121438 prime?
False
Is 2000077 prime?
False
Is 345467 a composite number?
True
Is 376537 a prime number?
False
Is 4111 a composite number?
False
Is 4404703 composite?
False
Is 785 a composite number?
True
Is 54121 composite?
False
Is 32477 a composite number?
True
Is 16246 a prime number?
False
Is 191 a prime number?
True
Is 791003 prime?
True
Is 177701 a prime number?
False
Is 670409 a prime number?
True
Is 343517 prime?
True
Is 31769 a prime number?
True
Is 85661 composite?
False
Is 323303 composite?
True
Is 187291 prime?
False
Is 20323 prime?
True
Is 431995 prime?
False
Is 12097 a prime number?
True
Is 43373 a composite number?
True
Is 2503 composite?
False
Is 42947 prime?
False
Is 27611 a prime number?
True
Is 257219 prime?
True
Is 30729 a prime number?
False
Is 53297 a composite number?
True
Is 29489 a composite number?
True
Is 10033 a prime number?
False
Is 15817 prim